{"id":5895,"date":"2021-03-17T13:00:39","date_gmt":"2021-03-17T13:00:39","guid":{"rendered":"https:\/\/wp.grupo-oter.net\/cartas\/?page_id=5895"},"modified":"2025-06-12T12:57:33","modified_gmt":"2025-06-12T12:57:33","slug":"meriendas-y-tardeo-barril-express","status":"publish","type":"page","link":"https:\/\/wp.grupo-oter.net\/cartas\/meriendas-y-tardeo-barril-express\/","title":{"rendered":"MERIENDAS Y TARDEO BARRIL EXPRESS"},"content":{"rendered":"<p>[et_pb_section fb_built=\u00bb1&#8243; specialty=\u00bbon\u00bb custom_padding_last_edited=\u00bbon|phone\u00bb admin_label=\u00bbTestimonials\u00bb _builder_version=\u00bb4.16&#8243; vertical_offset_tablet=\u00bb0&#8243; horizontal_offset_tablet=\u00bb0&#8243; custom_padding=\u00bb||150px|\u00bb custom_padding_tablet=\u00bb|||\u00bb custom_padding_phone=\u00bb||||false|false\u00bb bottom_divider_style=\u00bbslant2&#8243; bottom_divider_color=\u00bb#000000&#8243; bottom_divider_height=\u00bb160px\u00bb bottom_divider_flip=\u00bbvertical\u00bb bottom_divider_height_tablet=\u00bb\u00bb bottom_divider_height_phone=\u00bb90px\u00bb bottom_divider_height_last_edited=\u00bbon|tablet\u00bb z_index_tablet=\u00bb0&#8243; box_shadow_horizontal_tablet=\u00bb0px\u00bb box_shadow_vertical_tablet=\u00bb0px\u00bb box_shadow_blur_tablet=\u00bb40px\u00bb box_shadow_spread_tablet=\u00bb0px\u00bb global_colors_info=\u00bb{}\u00bb][et_pb_column type=\u00bb2_3&#8243; specialty_columns=\u00bb2&#8243; _builder_version=\u00bb4.16&#8243; custom_padding=\u00bb|||\u00bb global_colors_info=\u00bb{}\u00bb custom_padding__hover=\u00bb|||\u00bb][et_pb_row_inner column_structure=\u00bbundefined\u00bb _builder_version=\u00bb4.16&#8243; custom_margin=\u00bb||4px|||\u00bb global_colors_info=\u00bb{}\u00bb][et_pb_column_inner type=\u00bbundefined\u00bb saved_specialty_column_type=\u00bb2_3&#8243; _builder_version=\u00bb4.16&#8243; custom_padding=\u00bb|||\u00bb global_colors_info=\u00bb{}\u00bb custom_padding__hover=\u00bb|||\u00bb][et_pb_text _builder_version=\u00bb4.16&#8243; text_font=\u00bbJosefin Sans||||||||\u00bb vertical_offset_tablet=\u00bb0&#8243; horizontal_offset_tablet=\u00bb0&#8243; z_index_tablet=\u00bb0&#8243; text_text_shadow_horizontal_length_tablet=\u00bb0px\u00bb text_text_shadow_vertical_length_tablet=\u00bb0px\u00bb text_text_shadow_blur_strength_tablet=\u00bb1px\u00bb link_text_shadow_horizontal_length_tablet=\u00bb0px\u00bb link_text_shadow_vertical_length_tablet=\u00bb0px\u00bb link_text_shadow_blur_strength_tablet=\u00bb1px\u00bb ul_text_shadow_horizontal_length_tablet=\u00bb0px\u00bb ul_text_shadow_vertical_length_tablet=\u00bb0px\u00bb ul_text_shadow_blur_strength_tablet=\u00bb1px\u00bb ol_text_shadow_horizontal_length_tablet=\u00bb0px\u00bb ol_text_shadow_vertical_length_tablet=\u00bb0px\u00bb ol_text_shadow_blur_strength_tablet=\u00bb1px\u00bb quote_text_shadow_horizontal_length_tablet=\u00bb0px\u00bb quote_text_shadow_vertical_length_tablet=\u00bb0px\u00bb quote_text_shadow_blur_strength_tablet=\u00bb1px\u00bb header_text_shadow_horizontal_length_tablet=\u00bb0px\u00bb header_text_shadow_vertical_length_tablet=\u00bb0px\u00bb header_text_shadow_blur_strength_tablet=\u00bb1px\u00bb header_2_text_shadow_horizontal_length_tablet=\u00bb0px\u00bb header_2_text_shadow_vertical_length_tablet=\u00bb0px\u00bb header_2_text_shadow_blur_strength_tablet=\u00bb1px\u00bb header_3_text_shadow_horizontal_length_tablet=\u00bb0px\u00bb header_3_text_shadow_vertical_length_tablet=\u00bb0px\u00bb header_3_text_shadow_blur_strength_tablet=\u00bb1px\u00bb header_4_text_shadow_horizontal_length_tablet=\u00bb0px\u00bb header_4_text_shadow_vertical_length_tablet=\u00bb0px\u00bb header_4_text_shadow_blur_strength_tablet=\u00bb1px\u00bb header_5_text_shadow_horizontal_length_tablet=\u00bb0px\u00bb header_5_text_shadow_vertical_length_tablet=\u00bb0px\u00bb header_5_text_shadow_blur_strength_tablet=\u00bb1px\u00bb header_6_text_shadow_horizontal_length_tablet=\u00bb0px\u00bb header_6_text_shadow_vertical_length_tablet=\u00bb0px\u00bb header_6_text_shadow_blur_strength_tablet=\u00bb1px\u00bb box_shadow_horizontal_tablet=\u00bb0px\u00bb box_shadow_vertical_tablet=\u00bb0px\u00bb box_shadow_blur_tablet=\u00bb40px\u00bb box_shadow_spread_tablet=\u00bb0px\u00bb global_colors_info=\u00bb{}\u00bb]<\/p>\n<p><img decoding=\"async\" class=\"wp-image-887 aligncenter lazyload\" data-src=\"https:\/\/wp.grupo-oter.net\/cartas\/wp-content\/uploads\/sites\/40\/2020\/06\/LOGO-BARRIL-EXPRESS-productos-para-llevar-2-copia.png\" alt=\"\" width=\"276\" height=\"240\" src=\"data:image\/svg+xml;base64,PHN2ZyB3aWR0aD0iMSIgaGVpZ2h0PSIxIiB4bWxucz0iaHR0cDovL3d3dy53My5vcmcvMjAwMC9zdmciPjwvc3ZnPg==\" style=\"--smush-placeholder-width: 276px; --smush-placeholder-aspect-ratio: 276\/240;\" \/><\/p>\n<p>&nbsp;<\/p>\n<h2 style=\"text-align: center;\"><span style=\"color: #000000;\"><strong>MERIENDAS Y TARDEO<\/strong><\/span><\/h2>\n<h4 style=\"text-align: center;\"><span style=\"color: #000000;\"><strong>(10% iva incluido)<\/strong><\/span><\/h4>\n<p>[\/et_pb_text][\/et_pb_column_inner][\/et_pb_row_inner][et_pb_row_inner _builder_version=\u00bb4.25.2&#8243; width=\u00bb81.7%\u00bb global_colors_info=\u00bb{}\u00bb][et_pb_column_inner saved_specialty_column_type=\u00bb2_3&#8243; _builder_version=\u00bb4.16&#8243; custom_padding=\u00bb|||\u00bb global_colors_info=\u00bb{}\u00bb custom_padding__hover=\u00bb|||\u00bb][et_pb_text _builder_version=\u00bb4.27.4&#8243; _module_preset=\u00bbdefault\u00bb global_colors_info=\u00bb{}\u00bb]<\/p>\n<h5 style=\"text-align: center;\"><strong>MERIENDAS DE EL BARRIL<br \/><\/strong><strong>De 17,00\u201419,30H.<\/strong><\/h5>\n<p style=\"text-align: center;\"><strong>MERIENDAS DULCES<br \/><\/strong>Tortitas con nata y chocolate negro \/ Coulant de chocolate flu\u00eddo\u00a0 \u00a04,50\u20ac<\/p>\n<p style=\"text-align: center;\">Croissant de hojaldre con mantequilla y mermelada casera\u00a0 \u00a02,50\u20ac<\/p>\n<p style=\"text-align: center;\">Croissant relleno de jam\u00f3n y queso\u00a0 \u00a03,50\u20ac<\/p>\n<p style=\"text-align: center;\">Bizcocho casero (Cons\u00faltenos)\u00a0 \u00a03,00\u20ac<\/p>\n<p style=\"text-align: center;\">Torrija brioch\u00e9\u00a0 \u00a05,00\u20ac<\/p>\n<p style=\"text-align: center;\"><strong>MERIENDAS SALADAS<br \/><\/strong><strong>Tostas<br \/><\/strong>De jam\u00f3n ib\u00e9rico de montanera con o sin tumaca\u00a0 \u00a07,00\u20ac<\/p>\n<p style=\"text-align: center;\">Gambas al Alioli suave\u00a0 \u00a07,00\u20ac<\/p>\n<p style=\"text-align: center;\">Salm\u00f3n ahumado y mahonesa de alcaparras\u00a0 \u00a07,00\u20ac<\/p>\n<p style=\"text-align: center;\">Tortilla de patata\u00a0 \u00a04,75\u20ac<\/p>\n<p style=\"text-align: center;\"><strong>Sandwiches<br \/><\/strong>Especial Club\u00a0 \u00a010,50\u20ac<\/p>\n<p style=\"text-align: center;\">Noruego\u00a0 \u00a010,50\u20ac<\/p>\n<p style=\"text-align: center;\">Bikini trufado\u00a0 \u00a010,50\u20ac<\/p>\n<p style=\"text-align: center;\">Hamburguesa de Luxe\u00a0 \u00a012,00\u20ac<br \/>(Carne roja, lechuga, cebolla pochada y tomates secos a la mostaza antig\u00fca)<\/p>\n<p style=\"text-align: center;\"><strong>Con las meriendas pide tu bebida favorita:<\/strong><br \/>Caf\u00e9 ar\u00e1bica, zumo de naranja natural, refrescos, vinos o selecci\u00f3n de cervezas.<\/p>\n<h5 style=\"text-align: center;\"><strong>TARDEO BARRIL EXPRESS<\/strong><br \/><strong>\u00a1Disfr\u00fatalo en compa\u00f1\u00eda!<\/strong><br \/><strong>De 17:00 a 20:00h.<\/strong><\/h5>\n<p style=\"text-align: center;\">2 Dobles de cerveza\u00a0 \u00a08,00\u20ac<br \/>2 Copas de destilado de importaci\u00f3n\u00a0 \u00a015,00\u20ac<br \/>-Acompa\u00f1ado de picoteo variado.<\/p>\n<p>[\/et_pb_text][\/et_pb_column_inner][\/et_pb_row_inner][\/et_pb_column][et_pb_column type=\u00bb1_3&#8243; _builder_version=\u00bb4.16&#8243; custom_padding=\u00bb|||\u00bb global_colors_info=\u00bb{}\u00bb custom_padding__hover=\u00bb|||\u00bb][\/et_pb_column][\/et_pb_section]<\/p>\n","protected":false},"excerpt":{"rendered":"<p>&nbsp; MERIENDAS Y TARDEO (10% iva incluido)MERIENDAS DE EL BARRILDe 17,00\u201419,30H. MERIENDAS DULCESTortitas con nata y chocolate negro \/ Coulant de chocolate flu\u00eddo\u00a0 \u00a04,50\u20ac Croissant de hojaldre con mantequilla y mermelada casera\u00a0 \u00a02,50\u20ac Croissant relleno de jam\u00f3n y queso\u00a0 \u00a03,50\u20ac Bizcocho casero (Cons\u00faltenos)\u00a0 \u00a03,00\u20ac Torrija brioch\u00e9\u00a0 \u00a05,00\u20ac MERIENDAS SALADASTostasDe jam\u00f3n ib\u00e9rico de montanera con o [&hellip;]<\/p>\n","protected":false},"author":2,"featured_media":0,"parent":0,"menu_order":0,"comment_status":"closed","ping_status":"closed","template":"page-template-blank.php","meta":{"_et_pb_use_builder":"on","_et_pb_old_content":"","_et_gb_content_width":"","footnotes":""},"class_list":["post-5895","page","type-page","status-publish","hentry"],"_links":{"self":[{"href":"https:\/\/wp.grupo-oter.net\/cartas\/wp-json\/wp\/v2\/pages\/5895","targetHints":{"allow":["GET"]}}],"collection":[{"href":"https:\/\/wp.grupo-oter.net\/cartas\/wp-json\/wp\/v2\/pages"}],"about":[{"href":"https:\/\/wp.grupo-oter.net\/cartas\/wp-json\/wp\/v2\/types\/page"}],"author":[{"embeddable":true,"href":"https:\/\/wp.grupo-oter.net\/cartas\/wp-json\/wp\/v2\/users\/2"}],"replies":[{"embeddable":true,"href":"https:\/\/wp.grupo-oter.net\/cartas\/wp-json\/wp\/v2\/comments?post=5895"}],"version-history":[{"count":12,"href":"https:\/\/wp.grupo-oter.net\/cartas\/wp-json\/wp\/v2\/pages\/5895\/revisions"}],"predecessor-version":[{"id":13455,"href":"https:\/\/wp.grupo-oter.net\/cartas\/wp-json\/wp\/v2\/pages\/5895\/revisions\/13455"}],"wp:attachment":[{"href":"https:\/\/wp.grupo-oter.net\/cartas\/wp-json\/wp\/v2\/media?parent=5895"}],"curies":[{"name":"wp","href":"https:\/\/api.w.org\/{rel}","templated":true}]}}